 13 = 4*y - 147, -3*y + 112 = 5*t. Suppose 4*d - y = 70. Let z = -15 + 22. What is the remainder when d is divided by z?
5
Let m be (-2)/3 + (-64)/(-24). Suppose t + 0*j + 6 = 3*j, -2*t - m*j = -20. Calculate the remainder when 24 is divided by (t/9)/(2/15).
4
Calculate the remainder when 89 is divided by (-40)/16 - 35/(-2).
14
Let r(w) = w**2 + 2*w - 1. Let z be 0 + 1 - (-1 + 1). Calculate the remainder when z + (3 - (-1 + 3)) is divided by r(-3).
0
Let t(c) = -6*c + 9. What is the remainder when t(-6) is divided by 39/(-3)*-2*5/10?
6
Calculate the remainder when 1214 is divided by -9 + -6 + (-8 - -28).
4
Let j(p) = p**2 - 7*p - 58. What is the remainder when 90 is divided by j(-7)?
10
What is the remainder when 173 + (-2 + -1)/(6 + -7) is divided by 45?
41
Calculate the remainder when 213*12/(-8)*-2 is divided by 64.
63
Suppose -3*d + 7 = y, 0 = 2*y + 2*d - 5 - 5. Suppose 96 = b + b - y*v, 3*b - 5*v = 149. Calculate the remainder when b is divided by 16.
10
Suppose 5*x = 11*x. Suppose 2*c - 1 - 3 = 0. Suppose 4*l - 59 = 3*j, -c*l + x*l + 3*j = -25. Calculate the remainder when 49 is divided by l.
15
Suppose -m + 100 = 5*g, 44*m - 418 = 40*m - 2*g. Calculate the remainder when m is divided by 56.
49
Suppose 4542 = 11*c + 1176. What is the remainder when c is divided by 22?
20
Suppose -w - 4*w - 2*u = -83, 2*w - 37 = 3*u. Calculate the remainder when 77 is divided by w.
9
Suppose 0 = 14*v + 12*v - 78. Calculate the remainder when 21 is divided by v.
0
Let k be (-3 + 4 - -2) + 3. Suppose -k*h + 355 = -h. Calculate the remainder when h is divided by 15.
11
Suppose 3*j = -3*u - 27, 2*j + 5*u + 38 = -2*j. Let z(c) = c + 17. What is the remainder when 39 is divided by z(j)?
9
Let h = -216 + 237. What is the remainder when h is divided by 10?
1
Suppose -5*y = 3*d - 223, 52 + 7 = y - 3*d. Suppose 7*m = 37 + y. Calculate the remainder when 129 is divided by m.
9
Let n(s) = 28*s - 34. Calculate the remainder when n(5) is divided by 92.
14
Let m = 83 - 42. What is the remainder when m is divided by 24?
17
Let q(o) = o**2 + 4*o + 10. What is the remainder when q(-12) is divided by 22?
18
Let w = 297 + -234. Let u(o) = -5*o + 10. Let x be u(-11). Suppose -65 = -5*k + 3*v, 7*k = 2*k - 4*v + x. What is the remainder when w is divided by k?
11
Let n = -44 + 85. Suppose -4*q = 4*f - 52, 5*q - 37 = 2*q - 2*f. Suppose -2*u = q - 39. What is the remainder when n is divided by u?
13
Suppose 0 = -12*v + 7*v + 2*k + 155, -4*v + 131 = -3*k. Calculate the remainder when v is divided by 3.
2
Let d(w) = w**2 - 13*w - 11. What is the remainder when 99 is divided by d(15)?
4
Let t(h) = h**3 - 35*h**2 - 201*h + 46. Suppose -13 = -2*z - p, -p = z - 3 - 6. Suppose -k + z*k - 135 = 0. What is the remainder when k is divided by t(40)?
3
Suppose -4*o - 2*j - 1 + 9 = 0, 0 = -o + 5*j + 24. Let g(z) = 4*z**2 - z + 5. What is the remainder when g(o) is divided by 22?
21
Suppose -3*p + 15 = -v, p = 2*v + 2 + 23. Suppose 0 = -4*z + 2*z + 5*c - 89, 4*z = 5*c - 183. Let q = v - z. Calculate the remainder when q is divided by 12.
11
Suppose -3*j - 32 = -r, 4*j - 2*r = -r - 41. Let u(t) = -t - 13. Let z be u(-6). Let w = z - j. Calculate the remainder when 6 is divided by w.
0
Let k(j) = 14*j. Let p be k(3). Suppose 0 = -5*i - g + 151, -p - 51 = -3*i - 3*g. Let q = -14 + i. Calculate the remainder when q is divided by 6.
4
Let o = -483 + 566. Calculate the remainder when 330 is divided by o.
81
Suppose 5*i - 57 = -2*a, 6*a - 9*a + i = -43. Suppose 0 = -3*h + 100 + 35. What is the remainder when h is divided by a?
13
Suppose 245 = 13*c - 6*c. Let u(h) = -7*h**3 - h**2 - 2*h - 1. What is the remainder when u(-1) is divided by ((c/(-10))/(-7))/(2/20)?
2
Calculate the remainder when 1654 is divided by 492/45 - -1 - (-22)/330.
10
Suppose -3*k + 153 = -0*k. Let v = 370 - 344. Let n = v + k. Calculate the remainder when n is divided by 20.
17
Suppose -2*v + 8*n + 64 = 3*n, 68 = 4*v + 5*n. Suppose b + b = v. What is the remainder when b is divided by 6?
5
What is the remainder when 84 is divided by 44*2/(-16)*-2?
7
Let m = 9 - 3. Suppose 0*n + 2*n = m. Suppose 0 = -z + 3 + 2. What is the remainder when z is divided by n?
2
Let s = -41 + 44. Suppose 0 = -s*r + 42 + 21. Calculate the remainder when r is divided by 8.
5
Let d be -1*(0/(-3) + -6). Let k be (-4)/(-18) + 3725/45. Suppose m = 4*b + 17, -3*m - k = -d*m - 4*b. What is the remainder when m is divided by 9?
7
Let o = 306 + -283. Let w be (-208)/24*(-3)/2. Let a(r) = r**2 - 12*r - 7. Calculate the remainder when o is divided by a(w).
5
Let x = -3 - -11. Suppose -4*c - 72 = -x*c. Suppose -n + 6 = p, -p + 5*n + c = -12. Calculate the remainder when p is divided by 3.
1
Let k(g) = g**2 + 15*g - 38. Let i be k(-17). Let c(y) = -6*y - 15. What is the remainder when 87 is divided by c(i)?
6
What is the remainder when 23 is divided by (-11)/(-2)*((10 - 1) + -7)?
1
Let l(z) = -4*z**2 + 129*z + 19. Calculate the remainder when l(32) is divided by 24.
3
Suppose 0 = 3*t - 2*t. Let s = t + 17. Calculate the remainder when s is divided by 4.
1
Let j(v) = v**3 + 7*v**2 - 10*v - 11. Let o = -53 - -65. What is the remainder when o is divided by j(-8)?
2
Suppose 15*c - 12*c + 5*x = 38, 4*c - 64 = -4*x. Calculate the remainder when 334 is divided by c.
19
Suppose 91 - 298 = -9*u. Calculate the remainder when 197 is divided by u.
13
Let a be 1 - (13 - 2)*-24. Suppose 5*n = a - 25. Calculate the remainder when 5 is divided by n/15 - (-1)/(-5).
2
Let o = -28 + 37. Suppose 154 - 414 = -4*r. Calculate the remainder when r is divided by 196/o + (-2)/(-9).
21
Let r(x) = x**3 + 21*x**2 - x - 13. Let u be r(-21). What is the remainder when 38 is divided by 5 - u - (32*1)/(-2)?
12
Let n(t) = -t**3 - 9*t**2 + 23*t + 49. Calculate the remainder when 113 is divided by n(-11).
37
Let v(h) = 3*h - 10. Let a be v(6). Suppose x + 6 = -r + 8, 0 = -4*r + x + a. Calculate the remainder when r is divided by 2.
0
Calculate the remainder when (-8)/(-12) + 548/6 is divided by (124/(-10))/((-66)/55)*3.
30
Suppose -9*f + 972 = 3*f. Suppose 2*u - f = -25. What is the remainder when 55 is divided by u?
27
Suppose 112 = t - 255. Suppose 5*f + 3*m - t = -42, -139 = -2*f - 3*m. What is the remainder when f is divided by 13?
10
Suppose -5*m = 2*v - 3*v - 4, 3*v + 3*m - 24 = 0. Suppose -v*s + 4*s = 8. What is the remainder when 29 is divided by s + 2 + 10*1?
5
Let m(j) = j**2 - 10*j + 50. What is the remainder when 200 is divided by m(5)?
0
Suppose 2*i + 1 = 5. Suppose q - d = 3*d - 2, -i = -3*q + 4*d. Calculate the remainder when q is divided by ((-25)/(-10))/(10/8).
0
Let y = -109 + 109. Let o be 13/2 + 2/(-4). Suppose -5*d + o*d - 16 = y. What is the remainder when 29 is divided by d?
13
Let u = 1388 + -1384. What is the remainder when 33 is divided by u?
1
Suppose 32 + 9 = r + 5*q, 75 = 5*r - q. What is the remainder when r is divided by 12?
4
Calculate the remainder when 2 + 13*2 - 2 is divided by 78/5 + (-93)/155.
11
Suppose -2*a + 1 = 5*l, -a - 4 = 4*l - 0. Calculate the remainder when 1 + 26 + 132/(-22) is divided by a.
5
Let p = 1496 - 408. Calculate the remainder when p is divided by 26.
22
Suppose 0 = -3*q + 12, -4*k + 1627 = -4*q - 861. Calculate the remainder when k is divided by 17.
14
Let i(o) = 8*o - 89. Calculate the remainder when 182 is divided by i(15).
27
Let t(v) = -v**3 - 8*v**2 - 7*v - 33. What is the remainder when t(-11) is divided by 68?
67
Suppose 180 = 59*f - 44*f. Calculate the remainder when 34 is divided by f.
10
Let a = 588 - 584. What is the remainder when 144 is divided by a?
0
Let t = 685 + -645. What is the remainder when t is divided by 11?
7
Suppose h = 4 - 1. Suppose 0 = -2*i + h*i + g - 68, 2*i - 136 = g. Suppose c + 7 - 24 = -v, -4*v + c = -i. What is the remainder when 50 is divided by v?
16
Let j(x) = 2*x + 3. Let t be j(-6). Let l = t + 18. Suppose -2*v + l + 15 = -2*b, 5*b = -v + 6. Calculate the remainder when v is divided by 7.
4
Suppose -7 = 2*u + 3, 2*u - 107 = -3*y. Calculate the remainder when y is divided by 22.
17
Let v = 2 - -1. Suppose -c - 2*b + 15 = v*b, 5*c = b + 23. Let w = c + -3. What is the remainder when 2 is divided by w?
0
Suppose -8*x - 170 = -9*x. Calculate the remainder when x is divided by 29.
25
Suppose 4*u = -3*z 